s the remainder when a(12) is divided by 2?
1
Suppose 15 = 4*c + 2*i - 21, i + 2 = 0. What is the remainder when 47 is divided by c?
7
Let f(j) = j**2 - 8*j + 17. Calculate the remainder when 18 is divided by f(6).
3
Let t = -4 + 14. Suppose -2*a + 2*i + 38 = 0, -3*i - t = -1. What is the remainder when 61 is divided by a?
13
Let d(c) = 83*c**3 + c - 1. Calculate the remainder when d(1) is divided by 29.
25
Suppose 19 = 2*f - 5*o, 6 + 2 = -2*f - 4*o. Suppose 0 = f*c + x - 26, -3*x + x = 3*c - 37. What is the remainder when 35 is divided by -5*(0 - 27/c)?
8
Let y = -5 + 19. Let b = 57 + -16. What is the remainder when b is divided by y?
13
Let q be ((-4)/(-8))/(1/4). Let y = q + 1. Calculate the remainder when 5 is divided by y.
2
Let f = 42 - 24. What is the remainder when (-2 + 1)*(0 + -69) is divided by f?
15
Suppose m - t - 5 = 0, 13 = -m + 4*m - t. Calculate the remainder when m is divided by 18/15 + (-8)/(-10).
0
Let d(g) be the second derivative of g**5/20 + g**4/4 - g**3/3 - g**2 + 2*g. Calculate the remainder when 15 is divided by d(-2).
3
Let z = 28 + 7. Let s = -22 + z. Calculate the remainder when s is divided by 7.
6
Suppose a + a = 4. Let k = a - -1. Suppose 2*m + k*m - 70 = 0. Calculate the remainder when 41 is divided by m.
13
Let k = 11 + 6. Calculate the remainder when 49 is divided by k.
15
Suppose -568 = -2*d + 5*a, 3*d + 124 - 938 = -2*a. Suppose -11 = -5*b + d. What is the remainder when b is divided by 15?
12
Suppose -4*s = 3*v - 29 + 4, 5*v + 5*s - 45 = 0. Let h(o) = 3*o**3 - o**2 + o - 2. Calculate the remainder when h(2) is divided by v.
9
Suppose -16 = -x + 5. What is the remainder when 11 is divided by 56/x*(-6)/(-4)?
3
Let z be 4/(-14) + (-18)/(-14). Suppose 3 = -2*g - z. Let o = g + 11. Calculate the remainder when 25 is divided by o.
7
Let l = -37 - -41. What is the remainder when 11 is divided by l?
3
Suppose 3*s - 191 = g, 4*g - 179 = -3*s - g. What is the remainder when s is divided by 23?
17
Suppose -20*w = 3*w - 253. Let n = 8 - -13. What is the remainder when n is divided by w?
10
Let a = 7 - -19. Calculate the remainder when 75 is divided by (-3 - 0) + a + -4.
18
Suppose -6*x = -67 - 47. Calculate the remainder when 51 is divided by x.
13
Calculate the remainder when 48 is divided by -2 + -27*(-2)/2.
23
Let m = -120 - -170. Suppose 0*j = 5*j - m. Calculate the remainder when 29 is divided by j.
9
Suppose 22 + 10 = 4*i. Calculate the remainder when (-3)/12 + 210/i is divided by 14.
12
Let g = -4 + -4. Let t(z) = -7*z - 7. Suppose 4*c - c - 51 = 0. What is the remainder when t(g) is divided by c?
15
Let o(x) = x**3 + 6*x**2 - 2*x - 8. Let i be o(-6). Suppose -6 - 6 = -i*p. Let c(z) = -z**2 - 4*z - 1. What is the remainder when p is divided by c(-3)?
1
Let h(l) = l**2 + 7*l + 4. Let u be h(-7). Suppose 14 - u = 5*c. What is the remainder when (0 - (c - -7))/(-1) is divided by 3?
0
Let s(p) = 5*p - 1. Let t be s(1). Suppose t*r - 100 = -r. Calculate the remainder when r is divided by 11.
9
Let q = 28 + -2. Let j = -47 + q. Calculate the remainder when j/4*4/(-1) is divided by 11.
10
Let q = -6 - -4. Let o = 1 - q. Let u(l) = -l**2 + 5*l + 3. Calculate the remainder when u(4) is divided by o.
1
Let l(t) = -t + 11. Suppose 0 = -0*w - 4*w. What is the remainder when l(w) is divided by 6?
5
Let o(y) be the first derivative of -y**2 - y - 2. Let f be o(-2). What is the remainder when 6 is divided by f*(1 - (-1)/(-3))?
0
Let w(s) = s**2 - s - 19. Calculate the remainder when w(-6) is divided by 15.
8
Suppose -4*v + 4*k = -96, k - 99 = -4*v + 2*k. Suppose 2*u = -5*l - u + 583, -2*u = l - 111. What is the remainder when v is divided by l/9 - 4/18?
12
Suppose -i = -6*i + 220. Calculate the remainder when i is divided by 15.
14
Suppose -11*g + 25*g = 238. What is the remainder when 29 is divided by g?
12
Suppose 4*q = 3*o + 218, 0 = -4*q + 5*q + 2*o - 49. Calculate the remainder when 210 is divided by q.
51
Let h(t) = 82*t**2 + 6*t - 5. What is the remainder when h(1) is divided by 21?
20
Let p = 5 + -2. Suppose i + 3 = -n, -n + 5*i = p*n - 33. What is the remainder when 5 is divided by n?
1
Let m(s) = s**2 - 2*s + 16. Calculate the remainder when m(5) is divided by 16.
15
Let q(s) = s**3 - 3*s**2 - 4*s + 2. Let j be (-1)/((4 - 1)/9). Let b be j/(-2)*(-40)/(-12). Calculate the remainder when q(b) is divided by 11.
10
Let k(z) = z**3 - 9*z**2 + 7. Suppose 2*a - 72 = -2*a. Calculate the remainder when a is divided by k(9).
4
Suppose -4*m + 14*m - 40 = 0. Calculate the remainder when 5 is divided by m.
1
Let y(s) = 2*s - 1. Let r be y(1). Let q be r/(9/(-6) - -2). Calculate the remainder when (q + -23)/(0 + -1) is divided by 8.
5
Let f = -2 + 22. What is the remainder when 38 is divided by f?
18
Suppose 0 = -0*h - 3*h - 9, -i + 5*h = -30. Calculate the remainder when 58 is divided by i.
13
Suppose 14 = 3*y - 1, 0 = 3*p + y - 65. Calculate the remainder when 2/4*(73 + 1) is divided by p.
17
Let s = 5 + -3. Let o(t) = t. Let w = 0 + 1. What is the remainder when o(s) is divided by w?
0
Let z(t) = 24*t**2 + 9*t + 4 + t**3 + 5 - 12*t**2. What is the remainder when z(-11) is divided by 11 + -1 + (2 - 1)?
9
Suppose 3*k = i + i - 24, -k + 7 = i. Calculate the remainder when 26 is divided by i.
8
Let j = 7 - 0. Calculate the remainder when 39 is divided by j + 0 - (-18)/6.
9
Let u be 1 - -1 - 1*-88. Let o = 127 - u. Suppose h - 67 = -2*i, i - 5*h - o = -i. Calculate the remainder when i is divided by 16.
15
Suppose 3*a = u - 4*u + 66, -3*a = -3*u - 48. Suppose 0*t - 25 = -3*x - t, t + 7 = x. Suppose 6*f - x*f = -112. Calculate the remainder when f is divided by a.
18
Let d(b) = -2*b**3 - 6*b**2 + 4. What is the remainder when 141 is divided by d(-4)?
33
Let m be 204/(-10)*(-60)/9. Suppose 108 + m = 4*i + 4*x, -3*i = -3*x - 213. What is the remainder when i is divided by 17?
15
Let y = -75 - -133. Let s be y/(-4) + 3/6. Let u = s + 27. Calculate the remainder when 49 is divided by u.
10
Let s(i) = -7*i + 1 - 4 - 6*i + 7. Calculate the remainder when s(-2) is divided by 11.
8
Let s(c) = -c**3 + 2*c**2 + 5*c - 3. Calculate the remainder when 17 is divided by s(3).
2
Suppose 0 = -2*n + n + 2*f + 13, -12 = 3*f. Let d(q) = q**3 - 4*q**2 - 2*q - 1. What is the remainder when 26 is divided by d(n)?
12
What is the remainder when 122 is divided by 346/14 - (432/56 - 8)?
22
Suppose -5*g = -h + 35, -h + 2*g = g - 15. Let d(o) = o**2 - 7*o - 4. Calculate the remainder when h is divided by d(8).
2
Let g = 0 + 27. Suppose -d - 61 = -4*y, -5*d = -4*y + 74 - 25. Calculate the remainder when 9/(g/96) + -1 is divided by y.
15
Let d = 9 - -2. Calculate the remainder when d is divided by (-3)/12 - 25/(-4).
5
Suppose -5*b = -13*b + 224. What is the remainder when 54 is divided by b?
26
Let o = -2 + -1. Calculate the remainder when 4 is divided by (o/(-3))/((-2)/(-6)).
1
Let y(c) = 2*c**3 - 13*c**2 + 8*c + 2. What is the remainder when 24 is divided by y(6)?
10
Let b = 4 + -2. Suppose b*f - 3*f + 7 = 0. What is the remainder when 12 is divided by f?
5
Let j(n) = -n**2 - n + 2. Let z be j(4). Let r be 6/z - (-7)/3. What is the remainder when 5 is divided by 8/(-10)*(-5)/r?
1
Let u = 19 - -7. What is the remainder when u is divided by 9?
8
Let d(u) = u - 3. Let c(p) = p**3 + 4*p**2 - 5*p + 4. Let k be c(-5). What is the remainder when 3 is divided by d(k)?
0
Let q = -15 - -28. Calculate the remainder when 23 is divided by q.
10
Suppose -138 = -2*o + 88. Let s = o + -76. What is the remainder when 2 + (1 - 2) + s is divided by 13?
12
Suppose 0*v = 4*r + 5*v - 12, -5*r + 44 = -v. Let u = r + -6. Let k = 9 + u. Calculate the remainder when 20 is divided by k.
9
Let y(r) = -22*r. Suppose 50*g = 45*g + 205. Calculate the remainder when g is divided by y(-1).
19
Let z = 11 + -6. Suppose -z*r + 119 = -41. Calculate the remainder when r is divided by (-4)/6*(-330)/20.
10
Suppose 0 = -3*a + 50 + 181. Let i(x) = x**2 + 8*x - 13. Calculate the remainder when a is divided by i(-11).
17
Let q = -89 + 124. Calculate the remainder when 137 is divided by q.
32
Let h = 0 + 5. Let t = 6 - h. What is the remainder when 2 is divided by t?
0
Suppose -q + 3*r = 2*q + 9, -2*q + r - 11 = 0. Let g(t) = -t**2 + 5*t + 4. Let z be g(5). What is the remainder when q*(-1)/z*5 is d